{"id":335,"date":"2021-02-03T11:26:25","date_gmt":"2021-02-03T11:26:25","guid":{"rendered":"https:\/\/www.angocarro.com\/seguros\/?page_id=335"},"modified":"2021-05-14T14:13:08","modified_gmt":"2021-05-14T14:13:08","slug":"home-page-1","status":"publish","type":"page","link":"https:\/\/www.angocarro.com\/seguros\/","title":{"rendered":"AngoCarro Seguros"},"content":{"rendered":"<p>[vc_row full_width=&#8221;stretch_row&#8221; css=&#8221;.vc_custom_1464960365705{border-bottom-width: 1px !important;background-color: rgba(238,240,241,0.6) !important;*background-color: rgb(238,240,241) !important;border-bottom-color: #eaebeb !important;border-bottom-style: solid !important;}&#8221;][vc_column css=&#8221;.vc_custom_1464960233685{padding-top: 0.9em !important;padding-bottom: 1em !important;}&#8221;][vc_raw_html]JTNDYSUyMGhyZWYlM0QlMjIlMjNuaW5qYS1wb3B1cC05NDglMjIlM0VidXR0b24lM0MlMkZhJTNF[\/vc_raw_html]<div class=\"sc_section margin_top_huge margin_bottom_medium\"><div class=\"sc_section_inner\"><h2 class=\"sc_section_title sc_item_title\">Encontre o seguro autom\u00f3vel perfeito<\/h2><h5 class=\"sc_section_subtitle sc_item_subtitle\">Tudo o que precisa de saber sobre seguro autom\u00f3vel<\/h5><div class=\"sc_section_content_wrap\">[vc_column_text]Desde Julho de 2014 que \u00e9 exigido pela lei de Angola que todos os ve\u00edculos terrestres com motor, incluindo motas, bicicletas e veloc\u00edpedes possuam um seguro de Responsabilidade Civil Autom\u00f3vel, para que possam circular na via P\u00fablica.[\/vc_column_text][vc_column_text css=&#8221;.vc_custom_1620656795076{padding-top: 10px !important;}&#8221;]Aqui no AngoCarro Seguros, tem acesso, atrav\u00e9s da nossa parceira Aon, diversos planos e coberturas, as quais garantem n\u00e3o s\u00f3 a responsabilidade civil, mas tamb\u00e9m o impacto financeiro que possa resultar de danos causados por terceiros.[\/vc_column_text][vc_column_text css=&#8221;.vc_custom_1620656806260{padding-top: 10px !important;}&#8221;]Um seguro autom\u00f3vel n\u00e3o \u00e9 apenas indispens\u00e1vel do ponto de vista legal, mas \u00e9 essencial para garantir que pode circular diariamente sabendo que os seus ve\u00edculos est\u00e3o devidamente protegidos em caso de acidente.[\/vc_column_text]<\/div><\/div><\/div>[\/vc_column][\/vc_row][vc_row full_width=&#8221;stretch_row&#8221;][vc_column css=&#8221;.vc_custom_1464963226998{padding-top: 0.9em !important;padding-bottom: 1.05em !important;}&#8221;][vc_single_image image=&#8221;922&#8243; img_size=&#8221;full&#8221; alignment=&#8221;center&#8221; css=&#8221;.vc_custom_1615545786307{padding-top: 50px !important;}&#8221;]<div class=\"sc_section margin_top_huge margin_bottom_huge scheme_original\" style=\"color:#e41d25;\"><div class=\"sc_section_inner\"><h2 class=\"sc_section_title sc_item_title\">Trabalhamos com o maior corretor de seguros do mundo!<\/h2><h5 class=\"sc_section_subtitle sc_item_subtitle\">A Aon \u00e9 a nossa principal parceira!<\/h5><div class=\"sc_section_content_wrap\"><div id=\"sc_services_1877048753_wrap\" class=\"sc_services_wrap\"><div id=\"sc_services_1877048753\" class=\"sc_services sc_services_style_services-2 sc_services_type_icons \" style=\"width:100%;\"><div class=\"sc_columns columns_wrap\"><div class=\"column-1_4 column_padding_bottom\">\t\t\t<div id=\"sc_services_1877048753_1\"\t\t\t\tclass=\"sc_services_item sc_services_item_1 odd first\"\n\t\t\t\t>\n\t\t\t\t<a href=\"https:\/\/www.angocarro.com\/seguros\/services\/global\/\"><span class=\"sc_icon icon-icon\"><\/span><\/a>\t\t\t\t<div class=\"sc_services_item_content\">\n\t\t\t\t\t<h4 class=\"sc_services_item_title\"><a href=\"https:\/\/www.angocarro.com\/seguros\/services\/global\/\">Global<\/a><\/h4>\n\t\t\t\t\t<div class=\"sc_services_item_description\">\n\t\t\t\t\t\t<p>A Aon est\u00e1 presente em 120 pa\u00edses e emprega mais de 50 mil pessoas. \u00c9 considerada um das maiores seguradoras do globo.<\/p>\t\t\t\t\t<\/div>\n\t\t\t\t<\/div>\n\t\t\t<\/div>\n\t\t<\/div><div class=\"column-1_4 column_padding_bottom\">\t\t\t<div id=\"sc_services_1877048753_2\"\t\t\t\tclass=\"sc_services_item sc_services_item_2 even\"\n\t\t\t\t>\n\t\t\t\t<a href=\"https:\/\/www.angocarro.com\/seguros\/services\/experiente\/\"><span class=\"sc_icon icon-icon6\"><\/span><\/a>\t\t\t\t<div class=\"sc_services_item_content\">\n\t\t\t\t\t<h4 class=\"sc_services_item_title\"><a href=\"https:\/\/www.angocarro.com\/seguros\/services\/experiente\/\">Experiente<\/a><\/h4>\n\t\t\t\t\t<div class=\"sc_services_item_description\">\n\t\t\t\t\t\t<p>Fundada em 1982, a Aon \u00e9 hoje uma das maiores e mais experientes seguradoras a n\u00edvel mundial.<\/p>\t\t\t\t\t<\/div>\n\t\t\t\t<\/div>\n\t\t\t<\/div>\n\t\t<\/div><div class=\"column-1_4 column_padding_bottom\">\t\t\t<div id=\"sc_services_1877048753_3\"\t\t\t\tclass=\"sc_services_item sc_services_item_3 odd\"\n\t\t\t\t>\n\t\t\t\t<a href=\"https:\/\/www.angocarro.com\/seguros\/services\/profissional\/\"><span class=\"sc_icon icon-icon5\"><\/span><\/a>\t\t\t\t<div class=\"sc_services_item_content\">\n\t\t\t\t\t<h4 class=\"sc_services_item_title\"><a href=\"https:\/\/www.angocarro.com\/seguros\/services\/profissional\/\">Profissional<\/a><\/h4>\n\t\t\t\t\t<div class=\"sc_services_item_description\">\n\t\t\t\t\t\t<p>Uma equipa de especialistas altamente profissionais e qualificados, capazes de apoiar cada cliente na obten\u00e7\u00e3o da melhor solu\u00e7\u00e3o.<\/p>\t\t\t\t\t<\/div>\n\t\t\t\t<\/div>\n\t\t\t<\/div>\n\t\t<\/div><div class=\"column-1_4 column_padding_bottom\">\t\t\t<div id=\"sc_services_1877048753_4\"\t\t\t\tclass=\"sc_services_item sc_services_item_4 even\"\n\t\t\t\t>\n\t\t\t\t<a href=\"https:\/\/www.angocarro.com\/seguros\/services\/suporte\/\"><span class=\"sc_icon icon-icon7\"><\/span><\/a>\t\t\t\t<div class=\"sc_services_item_content\">\n\t\t\t\t\t<h4 class=\"sc_services_item_title\"><a href=\"https:\/\/www.angocarro.com\/seguros\/services\/suporte\/\">Suporte superior<\/a><\/h4>\n\t\t\t\t\t<div class=\"sc_services_item_description\">\n\t\t\t\t\t\t<p>Profissionais dedicados e dispon\u00edveis, que conhecem a fundo as diversas solu\u00e7\u00f5es, garantindo assim o melhor atendimento.<\/p>\t\t\t\t\t<\/div>\n\t\t\t\t<\/div>\n\t\t\t<\/div>\n\t\t<\/div><\/div><\/div><!-- \/.sc_services --><\/div><!-- \/.sc_services_wrap --><\/div><div class=\"sc_section_button sc_item_button\"><a href=\"\/seguros\/\" class=\"sc_button sc_button_square sc_button_style_filled sc_button_size_small\">descubra mais sobre a Aon!<\/a><\/div><\/div><\/div>[\/vc_column][\/vc_row][vc_row full_width=&#8221;stretch_row&#8221; inverse=&#8221;yes&#8221; css=&#8221;.vc_custom_1621001587567{background-image: url(https:\/\/www.angocarro.com\/seguros\/wp-content\/uploads\/2021\/05\/aon-quotev2.jpg?id=1021) !important;background-position: center !important;background-repeat: no-repeat !important;background-size: cover !important;}&#8221;][vc_column width=&#8221;5\/12&#8243; css=&#8221;.vc_custom_1465028771450{padding-top: 1.5em !important;padding-bottom: 2.85em !important;}&#8221;]<div class=\"sc_section margin_top_huge margin_bottom_huge alignleft\"><div class=\"sc_section_inner\"><h2 class=\"sc_section_title sc_item_title\">Receba a sua proposta de seguro autom\u00f3vel<\/h2><div class=\"sc_section_descr sc_item_descr\">Contacte agora e receba toda a informa\u00e7\u00e3o<\/div><div class=\"sc_section_content_wrap\">[vc_column_text]<a href=\"#ninja-popup-948\" class=\"snppopup-content\" rel=\"948\"> <img loading=\"lazy\" decoding=\"async\" class=\"alignnone size-full wp-image-107\" title=\"banner2\" src=\"https:\/\/www.angocarro.com\/seguros\/wp-content\/uploads\/2021\/04\/botao-informacao.jpg\" alt=\"botao informa\u00e7\u00e3o seguros\" width=\"242\" height=\"69\" \/>  <\/a>[\/vc_column_text]<\/div><\/div><\/div>[\/vc_column][\/vc_row][vc_row full_width=&#8221;stretch_row&#8221; css=&#8221;.vc_custom_1465044692855{border-bottom-width: 1px !important;background-color: #f5f6f7 !important;border-bottom-color: #e7e8e9 !important;border-bottom-style: solid !important;}&#8221;][vc_column css=&#8221;.vc_custom_1465044979503{padding-top: 1em !important;}&#8221;]<div class=\"sc_section margin_top_huge\"><div class=\"sc_section_inner\"><h2 class=\"sc_section_title sc_item_title\">Benef\u00edcios em usar o AngoCarro Seguros<\/h2><h5 class=\"sc_section_subtitle sc_item_subtitle\">Receba a melhor proposta de seguros<\/h5><div class=\"sc_section_content_wrap\"><div id=\"sc_services_202789394_wrap\" class=\"sc_services_wrap\"><div id=\"sc_services_202789394\" class=\"sc_services sc_services_style_services-5 sc_services_type_icons  margin_top_tiny-\" style=\"width:100%;\"><div class=\"sc_service_container sc_align_\"><div class=\"sc_services_image\"><img decoding=\"async\" src=\"https:\/\/www.angocarro.com\/seguros\/wp-content\/uploads\/2021\/02\/angolana-seguros-transparent.png\" alt=\"angolana-seguros-transparent\"><\/div><div class=\"sc_columns columns_wrap\"><div class=\"column-1_2 column_padding_bottom\">\t\t\t<div id=\"sc_services_202789394_1\"\t\t\t\tclass=\"sc_services_item sc_services_item_1 odd first\"\n\t\t\t\t>\n\t\t\t\t<a href=\"https:\/\/www.angocarro.com\/seguros\/services\/rapidez\/\"><span class=\"sc_icon icon-icon2-1\"><\/span><\/a>\t\t\t\t<div class=\"sc_services_item_content\">\n\t\t\t\t\t<h4 class=\"sc_services_item_title\"><a href=\"https:\/\/www.angocarro.com\/seguros\/services\/rapidez\/\">Rapidez!<\/a><\/h4>\n\t\t\t\t\t<div class=\"sc_services_item_description\">\n\t\t\t\t\t\t<p>Aqui vai descobrir rapidamente o melhor seguro para si.<\/p>\t\t\t\t\t<\/div>\n\t\t\t\t<\/div>\n\t\t\t<\/div>\n\t\t<\/div><div class=\"column-1_2 column_padding_bottom\">\t\t\t<div id=\"sc_services_202789394_2\"\t\t\t\tclass=\"sc_services_item sc_services_item_2 even\"\n\t\t\t\t>\n\t\t\t\t<a href=\"https:\/\/www.angocarro.com\/seguros\/services\/gratis-sem-compromisso\/\"><span class=\"sc_icon icon-icon2-1\"><\/span><\/a>\t\t\t\t<div class=\"sc_services_item_content\">\n\t\t\t\t\t<h4 class=\"sc_services_item_title\"><a href=\"https:\/\/www.angocarro.com\/seguros\/services\/gratis-sem-compromisso\/\">Gr\u00e1tis e sem compromisso<\/a><\/h4>\n\t\t\t\t\t<div class=\"sc_services_item_description\">\n\t\t\t\t\t\t<p>Pedir uma proposta \u00e9 gr\u00e1tis e n\u00e3o requer qualquer compromisso.<\/p>\t\t\t\t\t<\/div>\n\t\t\t\t<\/div>\n\t\t\t<\/div>\n\t\t<\/div><div class=\"column-1_2 column_padding_bottom\">\t\t\t<div id=\"sc_services_202789394_3\"\t\t\t\tclass=\"sc_services_item sc_services_item_3 odd\"\n\t\t\t\t>\n\t\t\t\t<a href=\"https:\/\/www.angocarro.com\/seguros\/services\/poupar-no-seguro\/\"><span class=\"sc_icon icon-icon2-1\"><\/span><\/a>\t\t\t\t<div class=\"sc_services_item_content\">\n\t\t\t\t\t<h4 class=\"sc_services_item_title\"><a href=\"https:\/\/www.angocarro.com\/seguros\/services\/poupar-no-seguro\/\">Poupan\u00e7a real<\/a><\/h4>\n\t\t\t\t\t<div class=\"sc_services_item_description\">\n\t\t\t\t\t\t<p>Atrav\u00e9s das simula\u00e7\u00f5es e compara\u00e7\u00f5es pode facilmente poupar milhares de kwanzas por ano.<\/p>\t\t\t\t\t<\/div>\n\t\t\t\t<\/div>\n\t\t\t<\/div>\n\t\t<\/div><div class=\"column-1_2 column_padding_bottom\">\t\t\t<div id=\"sc_services_202789394_4\"\t\t\t\tclass=\"sc_services_item sc_services_item_4 even\"\n\t\t\t\t>\n\t\t\t\t<a href=\"https:\/\/www.angocarro.com\/seguros\/services\/parceiros-confianca\/\"><span class=\"sc_icon icon-icon2-1\"><\/span><\/a>\t\t\t\t<div class=\"sc_services_item_content\">\n\t\t\t\t\t<h4 class=\"sc_services_item_title\"><a href=\"https:\/\/www.angocarro.com\/seguros\/services\/parceiros-confianca\/\">Parceiros de confian\u00e7a<\/a><\/h4>\n\t\t\t\t\t<div class=\"sc_services_item_description\">\n\t\t\t\t\t\t<p>Trabalhamos apenas com as empresas mais reputadas e confi\u00e1veis do mercado.<\/p>\t\t\t\t\t<\/div>\n\t\t\t\t<\/div>\n\t\t\t<\/div>\n\t\t<\/div><\/div><\/div><\/div><!-- \/.sc_services --><\/div><!-- \/.sc_services_wrap --><\/div><\/div><\/div>[\/vc_column][\/vc_row][vc_row][vc_column css=&#8221;.vc_custom_1465204913695{padding-top: 1.1em !important;padding-bottom: 0.6em !important;}&#8221;]<div class=\"sc_section margin_top_huge margin_bottom_medium\"><div class=\"sc_section_inner\"><h2 class=\"sc_section_title sc_item_title\">Opini\u00f5es de quem j\u00e1 utilizou o servi\u00e7o AngoCarro Seguros<\/h2><h5 class=\"sc_section_subtitle sc_item_subtitle\">Testemunhos de clientes felizes!<\/h5><div class=\"sc_section_content_wrap\"><div id=\"sc_testimonials_788941187\" class=\"sc_testimonials sc_testimonials_style_testimonials-1 \" style=\"width:100%;\"><div class=\"sc_slider_swiper swiper-slider-container sc_slider_pagination sc_slider_pagination_bottom sc_slider_controls\" data-interval=\"7984\" data-slides-per-view=\"3\" data-slides-space=\"30\" data-slides-min-width=\"250\"><div class=\"slides swiper-wrapper\"><div class=\"swiper-slide\" data-style=\"width:100%;\" style=\"width:100%;\">\t\t\t<div id=\"sc_testimonials_788941187_1\" class=\"sc_testimonial_item\">\n\t\t\t\t<div class=\"sc_testimonial_content\"><p>Obrigado pelo apoio que nos deram! Finalmente conseguimos o seguro que procur\u00e1vamos para a nossa habita\u00e7\u00e3o.<\/p>\n<\/div>\n\t\t\t\t\t\t\t\t<div class=\"sc_testimonial_avatar\"><img loading=\"lazy\" decoding=\"async\" class=\"wp-post-image\" width=\"75\" height=\"75\" alt=\"Gaspar Dala\" src=\"https:\/\/www.angocarro.com\/seguros\/wp-content\/uploads\/2016\/06\/testemunho_02-75x75.jpg\"><\/div>\n\t\t\t\t\t\t\t\t\t\t\t\t<div class=\"sc_testimonial_author\"><a href=\"#\" class=\"sc_testimonial_author_name\">Gaspar Dala<\/a><span class=\"sc_testimonial_author_position\">Luanda<\/span><\/div>\n\t\t\t\t\t\t\t<\/div>\n\t\t<\/div><div class=\"swiper-slide\" data-style=\"width:100%;\" style=\"width:100%;\">\t\t\t<div id=\"sc_testimonials_788941187_2\" class=\"sc_testimonial_item\">\n\t\t\t\t<div class=\"sc_testimonial_content\"><p>Aqui consegui encontrar toda a informa\u00e7\u00e3o que precisava e sinto que escolhi o melhor seguro para mim.<\/p>\n<\/div>\n\t\t\t\t\t\t\t\t<div class=\"sc_testimonial_avatar\"><img loading=\"lazy\" decoding=\"async\" class=\"wp-post-image\" width=\"75\" height=\"75\" alt=\"N\u00faria Pedro\" src=\"https:\/\/www.angocarro.com\/seguros\/wp-content\/uploads\/2016\/06\/testimonials-2-75x75.jpg\"><\/div>\n\t\t\t\t\t\t\t\t\t\t\t\t<div class=\"sc_testimonial_author\"><a href=\"#\" class=\"sc_testimonial_author_name\">N\u00faria Pedro<\/a><span class=\"sc_testimonial_author_position\">Luanda<\/span><\/div>\n\t\t\t\t\t\t\t<\/div>\n\t\t<\/div><div class=\"swiper-slide\" data-style=\"width:100%;\" style=\"width:100%;\">\t\t\t<div id=\"sc_testimonials_788941187_3\" class=\"sc_testimonial_item\">\n\t\t\t\t<div class=\"sc_testimonial_content\"><p>No AngoCarro \u00e9 f\u00e1cil encontrar o melhor seguro autom\u00f3vel. Poupei muito tempo!<\/p>\n<\/div>\n\t\t\t\t\t\t\t\t<div class=\"sc_testimonial_avatar\"><img loading=\"lazy\" decoding=\"async\" class=\"wp-post-image\" width=\"75\" height=\"75\" alt=\"M\u00e1rio Patr\u00edcio\" src=\"https:\/\/www.angocarro.com\/seguros\/wp-content\/uploads\/2016\/06\/testemunho_01-75x75.jpg\"><\/div>\n\t\t\t\t\t\t\t\t\t\t\t\t<div class=\"sc_testimonial_author\"><a href=\"#\" class=\"sc_testimonial_author_name\">M\u00e1rio Patr\u00edcio<\/a><span class=\"sc_testimonial_author_position\">Lobito<\/span><\/div>\n\t\t\t\t\t\t\t<\/div>\n\t\t<\/div><\/div><div class=\"sc_slider_controls_wrap\"><a class=\"sc_slider_prev\" href=\"#\"><\/a><div class=\"sc_slider_pagination_wrap\"><\/div><a class=\"sc_slider_next\" href=\"#\"><\/a><\/div><\/div><\/div><\/div><\/div><\/div>[\/vc_column][\/vc_row][vc_row full_width=&#8221;stretch_row&#8221; inverse=&#8221;yes&#8221; css=&#8221;.vc_custom_1465211660483{background-color: #213b7a !important;}&#8221;][vc_column width=&#8221;1\/6&#8243;][\/vc_column][vc_column width=&#8221;2\/3&#8243; css=&#8221;.vc_custom_1465213266058{padding-top: 1em !important;padding-bottom: 1.5em !important;}&#8221;]<div class=\"sc_section margin_top_huge margin_bottom_medium\"><div class=\"sc_section_inner\"><h2 class=\"sc_section_title sc_item_title\">Receba agora a sua proposta de seguro autom\u00f3vel!<\/h2><div class=\"sc_section_content_wrap\"><\/div><\/div><\/div>[vc_column_text]<\/p>\n<p style=\"text-align: center;\"><a href=\"#ninja-popup-948\" class=\"snppopup-content\" rel=\"948\"> <img loading=\"lazy\" decoding=\"async\" class=\"alignnone size-full wp-image-107\" title=\"banner2\" src=\"https:\/\/www.angocarro.com\/seguros\/wp-content\/uploads\/2021\/04\/botao-informacao.jpg\" alt=\"botao informa\u00e7\u00e3o seguros\" width=\"242\" height=\"69\" \/>  <\/a><\/p>\n<p>[\/vc_column_text][\/vc_column][\/vc_row]<\/p>\n","protected":false},"excerpt":{"rendered":"<p>[vc_row full_width=&#8221;stretch_row&#8221; css=&#8221;.vc_custom_1464960365705{border-bottom-width: 1px !important;background-color: rgba(238,240,241,0.6) !important;*background-color: rgb(238,240,241) !important;border-bottom-color: #eaebeb !important;border-bottom-style: solid !important;}&#8221;][vc_column css=&#8221;.vc_custom_1464960233685{padding-top: 0.9em !important;padding-bottom: 1em !important;}&#8221;][vc_raw_html]JTNDYSUyMGhyZWYlM0QlMjIlMjNuaW5qYS1wb3B1cC05NDglMjIlM0VidXR0b24lM0MlMkZhJTNF[\/vc_raw_html][\/vc_column][\/vc_row][vc_row full_width=&#8221;stretch_row&#8221;][vc_column css=&#8221;.vc_custom_1464963226998{padding-top: 0.9em !important;padding-bottom: 1.05em !important;}&#8221;][vc_single_image image=&#8221;922&#8243; img_size=&#8221;full&#8221; alignment=&#8221;center&#8221; css=&#8221;.vc_custom_1615545786307{padding-top: 50px !important;}&#8221;][\/vc_column][\/vc_row][vc_row full_width=&#8221;stretch_row&#8221; inverse=&#8221;yes&#8221; css=&#8221;.vc_custom_1621001587567{background-image: url(https:\/\/www.angocarro.com\/seguros\/wp-content\/uploads\/2021\/05\/aon-quotev2.jpg?id=1021) !important;background-position: center !important;background-repeat: no-repeat !important;background-size: cover !important;}&#8221;][vc_column width=&#8221;5\/12&#8243; css=&#8221;.vc_custom_1465028771450{padding-top: 1.5em !important;padding-bottom: 2.85em !important;}&#8221;][\/vc_column][\/vc_row][vc_row full_width=&#8221;stretch_row&#8221; css=&#8221;.vc_custom_1465044692855{border-bottom-width: 1px !important;background-color: #f5f6f7 !important;border-bottom-color: #e7e8e9 !important;border-bottom-style: [&hellip;]<\/p>\n","protected":false},"author":1,"featured_media":1018,"parent":0,"menu_order":0,"comment_status":"closed","ping_status":"closed","template":"","meta":{"footnotes":""},"class_list":["post-335","page","type-page","status-publish","has-post-thumbnail","hentry"],"yoast_head":"<!-- This site is optimized with the Yoast SEO plugin v17.8 - https:\/\/yoast.com\/wordpress\/plugins\/seo\/ -->\n<title>Seguro Autom\u00f3vel AngoCarro - Encontre o seu seguro auto<\/title>\n<meta name=\"description\" content=\"Descubra o melhor seguro autom\u00f3vel do mercado com a ajuda do AngoCarro e consiga a melhor protec\u00e7\u00e3o ao melhor pre\u00e7o.\" \/>\n<meta name=\"robots\" content=\"index, follow, max-snippet:-1, max-image-preview:large, max-video-preview:-1\" \/>\n<link rel=\"canonical\" href=\"https:\/\/www.angocarro.com\/seguros\/\" \/>\n<meta property=\"og:locale\" content=\"en_US\" \/>\n<meta property=\"og:type\" content=\"article\" \/>\n<meta property=\"og:title\" content=\"Seguro Autom\u00f3vel AngoCarro - Encontre o seu seguro auto\" \/>\n<meta property=\"og:description\" content=\"Descubra o melhor seguro autom\u00f3vel do mercado com a ajuda do AngoCarro e consiga a melhor protec\u00e7\u00e3o ao melhor pre\u00e7o.\" \/>\n<meta property=\"og:url\" content=\"https:\/\/www.angocarro.com\/seguros\/\" \/>\n<meta property=\"og:site_name\" content=\"Seguro Autom\u00f3vel - AngoCarro\" \/>\n<meta property=\"article:modified_time\" content=\"2021-05-14T14:13:08+00:00\" \/>\n<meta property=\"og:image\" content=\"https:\/\/www.angocarro.com\/seguros\/wp-content\/uploads\/2021\/05\/angocarro-thumb.jpg\" \/>\n\t<meta property=\"og:image:width\" content=\"600\" \/>\n\t<meta property=\"og:image:height\" content=\"396\" \/>\n<meta name=\"twitter:card\" content=\"summary_large_image\" \/>\n<meta name=\"twitter:label1\" content=\"Est. reading time\" \/>\n\t<meta name=\"twitter:data1\" content=\"2 minutes\" \/>\n<script type=\"application\/ld+json\" class=\"yoast-schema-graph\">{\"@context\":\"https:\/\/schema.org\",\"@graph\":[{\"@type\":\"WebSite\",\"@id\":\"https:\/\/www.angocarro.com\/seguros\/#website\",\"url\":\"https:\/\/www.angocarro.com\/seguros\/\",\"name\":\"Seguro Autom\\u00f3vel - AngoCarro\",\"description\":\"\",\"potentialAction\":[{\"@type\":\"SearchAction\",\"target\":{\"@type\":\"EntryPoint\",\"urlTemplate\":\"https:\/\/www.angocarro.com\/seguros\/?s={search_term_string}\"},\"query-input\":\"required name=search_term_string\"}],\"inLanguage\":\"en-US\"},{\"@type\":\"ImageObject\",\"@id\":\"https:\/\/www.angocarro.com\/seguros\/#primaryimage\",\"inLanguage\":\"en-US\",\"url\":\"https:\/\/www.angocarro.com\/seguros\/wp-content\/uploads\/2021\/05\/angocarro-thumb.jpg\",\"contentUrl\":\"https:\/\/www.angocarro.com\/seguros\/wp-content\/uploads\/2021\/05\/angocarro-thumb.jpg\",\"width\":600,\"height\":396,\"caption\":\"angocarro main\"},{\"@type\":\"WebPage\",\"@id\":\"https:\/\/www.angocarro.com\/seguros\/#webpage\",\"url\":\"https:\/\/www.angocarro.com\/seguros\/\",\"name\":\"Seguro Autom\\u00f3vel AngoCarro - Encontre o seu seguro auto\",\"isPartOf\":{\"@id\":\"https:\/\/www.angocarro.com\/seguros\/#website\"},\"primaryImageOfPage\":{\"@id\":\"https:\/\/www.angocarro.com\/seguros\/#primaryimage\"},\"datePublished\":\"2021-02-03T11:26:25+00:00\",\"dateModified\":\"2021-05-14T14:13:08+00:00\",\"description\":\"Descubra o melhor seguro autom\\u00f3vel do mercado com a ajuda do AngoCarro e consiga a melhor protec\\u00e7\\u00e3o ao melhor pre\\u00e7o.\",\"breadcrumb\":{\"@id\":\"https:\/\/www.angocarro.com\/seguros\/#breadcrumb\"},\"inLanguage\":\"en-US\",\"potentialAction\":[{\"@type\":\"ReadAction\",\"target\":[\"https:\/\/www.angocarro.com\/seguros\/\"]}]},{\"@type\":\"BreadcrumbList\",\"@id\":\"https:\/\/www.angocarro.com\/seguros\/#breadcrumb\",\"itemListElement\":[{\"@type\":\"ListItem\",\"position\":1,\"name\":\"Home\",\"item\":\"https:\/\/www.angocarro.com\/seguros\/\"},{\"@type\":\"ListItem\",\"position\":2,\"name\":\"AngoCarro Seguros\"}]}]}<\/script>\n<!-- \/ Yoast SEO plugin. -->","yoast_head_json":{"title":"Seguro Autom\u00f3vel AngoCarro - Encontre o seu seguro auto","description":"Descubra o melhor seguro autom\u00f3vel do mercado com a ajuda do AngoCarro e consiga a melhor protec\u00e7\u00e3o ao melhor pre\u00e7o.","robots":{"index":"index","follow":"follow","max-snippet":"max-snippet:-1","max-image-preview":"max-image-preview:large","max-video-preview":"max-video-preview:-1"},"canonical":"https:\/\/www.angocarro.com\/seguros\/","og_locale":"en_US","og_type":"article","og_title":"Seguro Autom\u00f3vel AngoCarro - Encontre o seu seguro auto","og_description":"Descubra o melhor seguro autom\u00f3vel do mercado com a ajuda do AngoCarro e consiga a melhor protec\u00e7\u00e3o ao melhor pre\u00e7o.","og_url":"https:\/\/www.angocarro.com\/seguros\/","og_site_name":"Seguro Autom\u00f3vel - AngoCarro","article_modified_time":"2021-05-14T14:13:08+00:00","og_image":[{"width":600,"height":396,"url":"https:\/\/www.angocarro.com\/seguros\/wp-content\/uploads\/2021\/05\/angocarro-thumb.jpg","type":"image\/jpeg"}],"twitter_card":"summary_large_image","twitter_misc":{"Est. reading time":"2 minutes"},"schema":{"@context":"https:\/\/schema.org","@graph":[{"@type":"WebSite","@id":"https:\/\/www.angocarro.com\/seguros\/#website","url":"https:\/\/www.angocarro.com\/seguros\/","name":"Seguro Autom\u00f3vel - AngoCarro","description":"","potentialAction":[{"@type":"SearchAction","target":{"@type":"EntryPoint","urlTemplate":"https:\/\/www.angocarro.com\/seguros\/?s={search_term_string}"},"query-input":"required name=search_term_string"}],"inLanguage":"en-US"},{"@type":"ImageObject","@id":"https:\/\/www.angocarro.com\/seguros\/#primaryimage","inLanguage":"en-US","url":"https:\/\/www.angocarro.com\/seguros\/wp-content\/uploads\/2021\/05\/angocarro-thumb.jpg","contentUrl":"https:\/\/www.angocarro.com\/seguros\/wp-content\/uploads\/2021\/05\/angocarro-thumb.jpg","width":600,"height":396,"caption":"angocarro main"},{"@type":"WebPage","@id":"https:\/\/www.angocarro.com\/seguros\/#webpage","url":"https:\/\/www.angocarro.com\/seguros\/","name":"Seguro Autom\u00f3vel AngoCarro - Encontre o seu seguro auto","isPartOf":{"@id":"https:\/\/www.angocarro.com\/seguros\/#website"},"primaryImageOfPage":{"@id":"https:\/\/www.angocarro.com\/seguros\/#primaryimage"},"datePublished":"2021-02-03T11:26:25+00:00","dateModified":"2021-05-14T14:13:08+00:00","description":"Descubra o melhor seguro autom\u00f3vel do mercado com a ajuda do AngoCarro e consiga a melhor protec\u00e7\u00e3o ao melhor pre\u00e7o.","breadcrumb":{"@id":"https:\/\/www.angocarro.com\/seguros\/#breadcrumb"},"inLanguage":"en-US","potentialAction":[{"@type":"ReadAction","target":["https:\/\/www.angocarro.com\/seguros\/"]}]},{"@type":"BreadcrumbList","@id":"https:\/\/www.angocarro.com\/seguros\/#breadcrumb","itemListElement":[{"@type":"ListItem","position":1,"name":"Home","item":"https:\/\/www.angocarro.com\/seguros\/"},{"@type":"ListItem","position":2,"name":"AngoCarro Seguros"}]}]}},"_links":{"self":[{"href":"https:\/\/www.angocarro.com\/seguros\/wp-json\/wp\/v2\/pages\/335","targetHints":{"allow":["GET"]}}],"collection":[{"href":"https:\/\/www.angocarro.com\/seguros\/wp-json\/wp\/v2\/pages"}],"about":[{"href":"https:\/\/www.angocarro.com\/seguros\/wp-json\/wp\/v2\/types\/page"}],"author":[{"embeddable":true,"href":"https:\/\/www.angocarro.com\/seguros\/wp-json\/wp\/v2\/users\/1"}],"replies":[{"embeddable":true,"href":"https:\/\/www.angocarro.com\/seguros\/wp-json\/wp\/v2\/comments?post=335"}],"version-history":[{"count":75,"href":"https:\/\/www.angocarro.com\/seguros\/wp-json\/wp\/v2\/pages\/335\/revisions"}],"predecessor-version":[{"id":1022,"href":"https:\/\/www.angocarro.com\/seguros\/wp-json\/wp\/v2\/pages\/335\/revisions\/1022"}],"wp:featuredmedia":[{"embeddable":true,"href":"https:\/\/www.angocarro.com\/seguros\/wp-json\/wp\/v2\/media\/1018"}],"wp:attachment":[{"href":"https:\/\/www.angocarro.com\/seguros\/wp-json\/wp\/v2\/media?parent=335"}],"curies":[{"name":"wp","href":"https:\/\/api.w.org\/{rel}","templated":true}]}}